r?
True
Is 637578973 prime?
False
Is 578110831 prime?
False
Is 4303690801 prime?
True
Is 2844137879 prime?
False
Is 3738295219 composite?
False
Is 1108677781 prime?
True
Is 11581943 composite?
True
Is 19444206091 composite?
True
Is 288345113317 prime?
False
Is 3588003967 prime?
True
Is 30287123461 a prime number?
False
Is 13976823295 a composite number?
True
Is 1828130039 composite?
True
Is 7498409671 a prime number?
True
Is 1099753399 a composite number?
True
Is 34102875067 composite?
False
Is 4085933149 a prime number?
True
Is 1143995261 a prime number?
True
Is 5740380131 composite?
True
Is 179383991981 a composite number?
False
Is 68123000027 composite?
True
Is 4643360471 prime?
True
Is 224819407 prime?
False
Is 2613704251 composite?
True
Is 2120626649 prime?
True
Is 16020499541 a composite number?
False
Is 2035587577 composite?
False
Is 56951929 a composite number?
True
Is 41475762659 a prime number?
True
Is 49185590197 prime?
True
Is 50368662863 a prime number?
False
Is 3937623457 a prime number?
True
Is 1431823499 a composite number?
True
Is 467533117 a composite number?
False
Is 46581862619 composite?
False
Is 101555843231 composite?
False
Is 349957327 a composite number?
False
Is 2595913603 composite?
True
Is 7826639047 composite?
False
Is 83422400843 composite?
True
Is 47387021947 composite?
False
Is 89070854669 prime?
False
Is 17261623711 a prime number?
False
Is 348783217 prime?
True
Is 5105835487 a composite number?
False
Is 1426885111 a prime number?
False
Is 4229105611 composite?
True
Is 2113094779 composite?
False
Is 16953394979 a prime number?
False
Is 4055732971 a composite number?
False
Is 284490159 a prime number?
False
Is 18677616989 a composite number?
False
Is 3455748247 a prime number?
False
Is 212794991 a prime number?
False
Is 58228740653 a composite number?
False
Is 1002706261 a composite number?
True
Is 1299725615 a composite number?
True
Is 719414039 prime?
True
Is 12233664841 composite?
False
Is 20787880441 a composite number?
True
Is 20519696653 prime?
True
Is 17072512003 a prime number?
True
Is 3531914899 prime?
True
Is 1001309047 composite?
False
Is 510520331 a composite number?
False
Is 5994220615 prime?
False
Is 558490571 a prime number?
True
Is 5979058801 prime?
True
Is 76098812947 composite?
False
Is 4187891237 a prime number?
True
Is 938490647 a prime number?
True
Is 5281261841 a prime number?
True
Is 4219667831 a composite number?
False
Is 223578977 prime?
False
Is 20879901793 a composite number?
False
Is 99709262603 a prime number?
True
Is 3144738613 composite?
False
Is 9146297201 composite?
False
Is 186164999 composite?
False
Is 14871691759 composite?
False
Is 1559216933 a prime number?
False
Is 6211041065 composite?
True
Is 1680378937 prime?
False
Is 4134716653 prime?
True
Is 1683583087 prime?
True
Is 20106387199 a prime number?
True
Is 9459442987 prime?
True
Is 1133162921 composite?
True
Is 35933593321 a composite number?
False
Is 2187283817 a prime number?
True
Is 2314432963 a prime number?
True
Is 62474498339 prime?
False
Is 29048366353 a prime number?
False
Is 29594654335 composite?
True
Is 319730557 a composite number?
False
Is 2369518141 a composite number?
False
Is 487315909 prime?
False
Is 232683709733 prime?
True
Is 17290332953 a prime number?
False
Is 444393395 prime?
False
Is 27174960299 prime?
False
Is 17382927427 a prime number?
True
Is 941662847 composite?
True
Is 3610446958 a composite number?
True
Is 4942436759 prime?
False
Is 40436187977 prime?
False
Is 2185063849 composite?
True
Is 3784501217 composite?
True
Is 16937462983 a composite number?
True
Is 12018455123 composite?
True
Is 155070714173 a composite number?
False
Is 16481816699 a prime number?
True
Is 21555987049 composite?
True
Is 41293411 composite?
False
Is 9290496779 a prime number?
True
Is 3413347387 composite?
True
Is 664510827 a prime number?
False
Is 4737447389 a prime number?
False
Is 248460709 composite?
True
Is 19520146973 prime?
True
Is 4520690527 a composite number?
False
Is 37771917 a prime number?
False
Is 1134995389 prime?
False
Is 7708463701 a prime number?
False
Is 4852021423 a composite number?
False
Is 121862491 a composite number?
True
Is 94796083 composite?
True
Is 290728307 a prime number?
True
Is 258428089 prime?
True
Is 11196068419 a prime number?
True
Is 2324587717 prime?
True
Is 4045494545 composite?
True
Is 125016153539 prime?
False
Is 45215204999 a composite number?
True
Is 3998549459 a prime number?
True
Is 17768336881 prime?
False
Is 5586734163 composite?
True
Is 42990444293 a prime number?
False
Is 4441628759 a composite number?
False
Is 412381978 a composite number?
True
Is 22640939 a composite number?
False
Is 1072903739 a composite number?
False
Is 8381364989 a prime number?
True
Is 167079721 prime?
False
Is 4525490543 composite?
True
Is 54702491 a composite number?
False
Is 84177075215 prime?
False
Is 5380147307 composite?
False
Is 4337581895 composite?
True
Is 39152967013 composite?
False
Is 1667161103 composite?
True
Is 834902567 a prime number?
True
Is 61517099093 composite?
False
Is 8146788803 composite?
False
Is 15847751 a composite number?
True
Is 7574360383 a composite number?
True
Is 81940916919 prime?
False
Is 1735517761 composite?
True
Is 1997081663 a prime number?
False
Is 1166459914 prime?
False
Is 1422262267 a prime number?
True
Is 6103165547 prime?
True
Is 1116316711 prime?
True
Is 612279241 a composite number?
True
Is 53787671089 prime?
True
Is 2059139521 a composite number?
False
Is 1461722113 a composite number?
False
Is 17935087 composite?
False
Is 31597153657 a composite number?
False
Is 88567081667 prime?
True
Is 694928167 composite?
False
Is 53071778327 a composite number?
True
Is 961358581 a composite number?
True
Is 91228546679 a composite number?
False
Is 1495650677 composite?
True
Is 30617207 a composite number?
False
Is 41924063 prime?
True
Is 1182254711 a composite number?
True
Is 15861066173 a composite number?
True
Is 922668179 prime?
False
Is 46779548323 a composite number?
False
Is 398563357 a composite number?
False
Is 1224556499 a prime number?
True
Is 817863833 composite?
True
Is 31320757123 a prime number?
True
Is 646857437 prime?
False
Is 22355771153 a prime number?
False
Is 963550787 composite?
False
Is 21899562527 prime?
True
Is 887030009 composite?
False
Is 13034785741 composite?
True
Is 1361196721 a composite number?
True
Is 465563321 a prime number?
False
Is 2001602459 a composite number?
False
Is 25069793579 composite?
False
Is 3961678349 a prime number?
True
Is 2906912413 composite?
False
Is 88159227781 composite?
True
Is 1841195341 composite?
False
Is 5714092961 a composite number?
True
Is 12304296281 a composite number?
False
Is 22415266543 composite?
False
Is 58674533579 prime?
False
Is 5842807313 prime?
False
Is 63924304151 a prime number?
True
Is 12272841121 a prime number?
True
Is 21159663079 composite?
False
Is 2064163235 a composite number?
True
Is 266969641 composite?
False
Is 1001956685 composite?
True
Is 199926623 prime?
False
Is 689125963 a prime number?
True
Is 11690253958 a composite number?
True
Is 38794072087 prime?
False
Is 2689559857 a composite number?
False
Is 34761262577 a prime number?
True
Is 399372439 a composite number?
True
Is 1653223759 a prime number?
False
Is 744030031 composite?
False
Is 714277373 a composite number?
False
Is 15943267273 composite?
True
Is 544442357219 a composite number?
False
Is 938716997 a composite number?
False
Is 21649856107 a prime number?
False
Is 6594629555 a composite number?
True
Is 15714084167 a composite number?
True
Is 527572559 composite?
False
Is 74969640659 composite?
True
Is 10374685931 prime?
False
Is 453139073 a prime number?
False
Is 438032909 composite?
True
Is 48667909405 a prime number?
False
Is 13757437357 prime?
False
Is 5421591971 prime?
True
Is 275627623281 a composite number?
True
Is 1026136169 a prime number?
False
Is 32764213211 a composite number?
False
Is 2357389589 composite?
True
Is 42753749053 prime?
True
Is 3151088489 composite?
False
Is 18250405531 a prime number?
False
Is 1131716423 composite?
True
Is 477164087 composite?
False
Is 121090700377 prime?
True
Is 21403564999 composite?
True
Is 7064345311 composite?
True
Is 2459153867 a composite number?
True
Is 227896